8391
List the prime factors of 29602.
2, 19, 41
What are the prime factors of 3229986?
2, 3, 538331
List the prime factors of 1448364.
2, 3, 137, 881
What are the prime factors of 141286?
2, 41, 1723
What are the prime factors of 197049?
3, 19, 3457
List the prime factors of 327380.
2, 5, 16369
What are the prime factors of 26785164?
2, 3, 7, 45553
What are the prime factors of 708765?
3, 5, 47251
What are the prime factors of 309155?
5, 7, 11, 73
List the prime factors of 21022979.
61, 344639
List the prime factors of 96024.
2, 3, 4001
What are the prime factors of 23875206?
2, 3, 3979201
What are the prime factors of 18130497?
3, 7, 11, 78487
List the prime factors of 285889.
17, 67, 251
What are the prime factors of 25780599?
3, 13, 8161
What are the prime factors of 356045?
5, 71209
List the prime factors of 13942258.
2, 11, 633739
What are the prime factors of 342413?
342413
List the prime factors of 9209918.
2, 107, 43037
What are the prime factors of 19988894?
2, 41, 43, 5669
List the prime factors of 982188.
2, 3, 27283
What are the prime factors of 1762164?
2, 3, 31, 1579
List the prime factors of 4613954.
2, 2306977
What are the prime factors of 19361461?
7, 61, 45343
What are the prime factors of 1170401?
23, 151, 337
List the prime factors of 948630.
2, 3, 5, 103, 307
What are the prime factors of 1814114?
2, 151, 6007
What are the prime factors of 3833357?
11, 348487
List the prime factors of 989121.
3, 7, 19, 37, 67
List the prime factors of 10699770.
2, 3, 5, 41, 8699
List the prime factors of 2265914.
2, 7, 23, 31, 227
List the prime factors of 9413281.
37, 254413
List the prime factors of 283868.
2, 13, 53, 103
What are the prime factors of 3590080?
2, 5, 13, 863
What are the prime factors of 1218062?
2, 709, 859
List the prime factors of 32186420.
2, 5, 7, 229903
What are the prime factors of 21612?
2, 3, 1801
List the prime factors of 5498027.
71, 211, 367
List the prime factors of 2017916.
2, 504479
What are the prime factors of 33083368?
2, 167, 24763
List the prime factors of 1168575.
3, 5, 15581
What are the prime factors of 500081?
227, 2203
What are the prime factors of 948763?
269, 3527
What are the prime factors of 14710?
2, 5, 1471
What are the prime factors of 579412?
2, 41, 3533
List the prime factors of 716873.
17, 42169
List the prime factors of 1862752.
2, 58211
What are the prime factors of 17049122?
2, 8524561
List the prime factors of 1951405.
5, 390281
List the prime factors of 585077.
585077
What are the prime factors of 305021?
305021
What are the prime factors of 769064?
2, 251, 383
List the prime factors of 132194.
2, 157, 421
What are the prime factors of 203275?
5, 47, 173
What are the prime factors of 323379?
3, 7, 29, 59
What are the prime factors of 208492?
2, 47, 1109
What are the prime factors of 332965?
5, 66593
List the prime factors of 2378851.
73, 32587
List the prime factors of 168756.
2, 3, 7, 41
What are the prime factors of 508264?
2, 63533
List the prime factors of 891932.
2, 31, 7193
What are the prime factors of 1769136?
2, 3, 36857
List the prime factors of 405111.
3, 7, 101, 191
What are the prime factors of 1307658?
2, 3, 11, 19813
What are the prime factors of 616946?
2, 11, 29, 967
What are the prime factors of 189784?
2, 7, 3389
What are the prime factors of 84383?
13, 6491
What are the prime factors of 17849663?
13, 1373051
What are the prime factors of 112830?
2, 3, 5, 3761
What are the prime factors of 23960745?
3, 5, 177487
List the prime factors of 59025.
3, 5, 787
List the prime factors of 4729361.
7, 13, 51971
List the prime factors of 74961.
3, 8329
List the prime factors of 155882.
2, 41, 1901
List the prime factors of 2695313.
2695313
What are the prime factors of 262240?
2, 5, 11, 149
What are the prime factors of 1737854?
2, 19, 29, 83
What are the prime factors of 251355?
3, 5, 13, 1289
What are the prime factors of 254805?
3, 5, 16987
What are the prime factors of 119951?
13, 9227
What are the prime factors of 587438?
2, 419, 701
What are the prime factors of 625514?
2, 312757
List the prime factors of 998864.
2, 163, 383
List the prime factors of 11011664.
2, 23, 1301
List the prime factors of 217308.
2, 3, 7, 13, 199
List the prime factors of 358411.
17, 29, 727
What are the prime factors of 59869?
19, 23, 137
What are the prime factors of 248345?
5, 49669
List the prime factors of 108081.
3, 4003
List the prime factors of 8168587.
7, 379, 3079
What are the prime factors of 16454207?
7, 11, 97, 2203
What are the prime factors of 1927308?
2, 3, 23, 6983
What are the prime factors of 10251461?
11, 173, 5387
What are the prime factors of 14202605?
5, 29, 41, 2389
What are the prime factors of 37615?
5, 7523
What are the prime factors of 2882130?
2, 3, 5, 23, 4177
List the prime factors of 6680190.
2, 3, 5, 11, 31, 653
What are the prime factors of 93411?
3, 97, 107
List the prime factors of 45693.
3, 5077
What are the prime factors of 748030?
2, 5, 19, 31, 127
List the prime factors of 24215766.
2, 3, 19, 212419
List the prime factors of 142357.
142357
List the prime factors of 7962812.
2, 11, 13, 13921
What are the prime factors of 176524?
2, 44131
List the prime factors of 39150.
2, 3, 5, 29
List the prime factors of 1488332.
2, 271, 1373
What are the prime factors of 2128665?
3, 5, 7, 11, 19, 97
What are the prime factors of 214483?
214483
What are the prime factors of 1945937?
7, 151, 263
List the prime factors of 1403707.
17, 82571
What are the prime factors of 1456528?
2, 91033
What are the prime factors of 3354323?
7, 479189
List the prime factors of 2002155.
3, 5, 127, 1051
What are the prime factors of 15484825?
5, 149, 4157
List the prime factors of 21842363.
83, 97, 2713
What are the prime factors of 1089837?
3, 7, 17299
List the prime factors of 424890.
2, 3, 5, 4721
What are the prime factors of 6333369?
3, 7, 191, 1579
What are the prime factors of 522067?
7, 13, 5737
What are the prime factors of 471652?
2, 61, 1933
List the prime factors of 574820.
2, 5, 41, 701
What are the prime factors of 12230?
2, 5, 1223
List the prime factors of 354132.
2, 3, 1093
List the prime factors of 279126.
2, 3, 1723
List the prime factors of 647587.
647587
What are the prime factors of 665232?
2, 3, 13859
List the prime factors of 312299.
13, 24023
List the prime factors of 465318.
2, 3, 7, 1231
What are the prime factors of 447894?
2, 3, 149, 167
List the prime factors of 10230935.
5, 11, 13, 41, 349
What are the prime factors of 16021226?
2, 13, 101, 6101
What are the prime factors of 1083162?
2, 3, 23, 47, 167
List the prime factors of 1047896.
2, 130987
What are the prime factors of 1218217?
7, 11, 13, 1217
List the prime factors of 271029.
3, 11, 43, 191
List the prime factors of 11319768.
2, 3, 157219
What are the prime factors of 436046?
2, 13, 31, 541
List the prime factors of 1024793.
7, 11, 13309
What are the prime factors of 2611662?
2, 3, 435277
List the prime factors of 1703432.
2, 71, 2999
List the prime factors of 118988.
2, 151, 197
List the prime factors of 480079.
23, 20873
What are the prime factors of 2045265?
3, 5, 136351
What are the prime factors of 34620695?
5, 6924139
What are the prime factors of 237625?
5, 1901
List the prime factors of 230091.
3, 76697
List the prime factors of 148624.
2, 7, 1327
List the prime factors of 333366.
2, 3, 11, 5051
List the prime factors of 1941406.
2, 31, 173, 181
What are the prime factors of 1247725?
5, 29, 1721
What are the prime factors of 117479?
29, 4051
List the prime factors of 684324.
2, 3, 19009
What are the prime factors of 18595191?
3, 97, 63901
List the prime factors of 14463413.
17, 487, 1747
What are the prime factors of 354815?
5, 29, 2447
What are the prime factors of 147970?
2, 5, 14797
What are the prime factors of 9277963?
1583, 5861
What are the prime factors of 8684449?
1013, 8573
List the prime factors of 248858.
2, 124429
What are the prime factors of 252726?
2, 3, 73, 577
What are the prime factors of 339052?
2, 7, 12109
What are the prime factors of 9691852?
2, 97, 24979
List the prime factors of 4804344.
2, 3, 53, 1259
What are the prime factors of 1496428?
2, 37, 10111
List the prime factors of 182480.
2, 5, 2281
What are the prime factors of 125793?
3, 1553
List the prime factor